{"id":26,"date":"2017-03-01T16:56:09","date_gmt":"2017-03-01T16:56:09","guid":{"rendered":"http:\/\/trageberatung-starnberg.de\/?page_id=26"},"modified":"2025-04-05T13:27:49","modified_gmt":"2025-04-05T13:27:49","slug":"ueber-mich","status":"publish","type":"page","link":"https:\/\/trageberatung-starnberg.de\/?page_id=26","title":{"rendered":"\u00dcber mich"},"content":{"rendered":"<p>Das Thema Tragen von Babys und Kleinkindern begleitet mich als Mehrfach-Mutter (darunter Zwillinge) schon viele Jahre. Damit verbundene Gef\u00fchle wie N\u00e4he, Freude, Sicherheit und Geborgenheit f\u00fcr den Tragling sowie Flexibilit\u00e4t und Freiheit f\u00fcr den Tragenden, m\u00f6chte ich gerne teilen und vermitteln.\u00a0<\/p>\n<p>Ich bin zertifizierte Trageberaterin, ausgebildet durch die\u00a0<a href=\"http:\/\/clauwi.de\">Trageschule ClauWi<sup>\u00ae<\/sup> <\/a>\u00a0sowie als Regionalleitung Team S\u00fcd aktives\u00a0<a href=\"http:\/\/www.tragenetzwerk.de\">Mitglied im Tragenetzwerk e.V.<\/a> und halte meinen Ausbildungs- und Wissensstand stets aktuell durch j\u00e4hrliche Fort- und Weiterbildungen und den regelm\u00e4\u00dfigen Austausch mit Kolleginnen, auch im Rahmen meiner ehrenamtlichen Arbeit f\u00fcr das <a href=\"https:\/\/www.tragenetzwerk.de\/\">Tragenetzwerk e. V.<\/a> auf Besuchermessen und Fachkongressen.<\/p>\n<p>Besonderen Wert lege ich auf eine ausf\u00fchrliche Beratung, pers\u00f6nlich angepasst an die jeweilige Tragesituation. Das gilt bei den &#8222;Bindeweisen f\u00fcr Schwangere nach FTZB&#8220; genauso wie bei allen weiteren Tuchbindeweisen und Techniken des Tragens mit einer Tragehilfe. Beratungen finden bei bei mir in meinem Beratungsstudio in der Wittelsbacher Stra\u00dfe 6A in Starnberg oder nach Absprache bei Ihnen in der gewohnten Umgebung des Traglings\u00a0 statt. Auch Gruppenberatungen sind auf Anfrage m\u00f6glich. Zeitweise biete ich <a href=\"http:\/\/trageberatung-starnberg.de\/?page_id=61\">Workshops<\/a> an.<\/p>\n<p>Ich berate Tragefirmen- bzw. Hersteller-unabh\u00e4ngig und biete Ihnen eine umfangreiche <a href=\"http:\/\/trageberatung-starnberg.de\/?page_id=39\">Auswahl<\/a> an Demopuppen, Traget\u00fcchern und Ring-Slings sowie Tragehilfen und begleitenden Materialien (Cover, Overalls, Tragekleidung etc.) &#8211; vieles davon gerne auch zum <a href=\"http:\/\/trageberatung-starnberg.de\/?page_id=58\">Verleih<\/a>.\u00a0<\/p>\n<p>Ausbildung, sowie Fort- und Weiterbildungen j\u00e4hrlich aktuell ab:<\/p>\n<p>03\/2014 Grundkurs ClauWi<sup>\u00ae<\/sup><\/p>\n<p>05\/2015 Fortbildung &#8222;Kinaesthetics Infant Handling&#8220;; Tragenetzwerk<\/p>\n<p>07\/2015 Fortbildung &#8222;Bindeweisen f\u00fcr Schwangere nach FTZB&#8220;<\/p>\n<p>01\/2016 Fortbildung &#8222;Tragehilfenoptimierung&#8220;; Tragenetzwerk<\/p>\n<p>05\/2016 Aufbaukurs &#8222;Modul 2&#8220; ClauWi<sup>\u00ae<\/sup><\/p>\n<p>06\/2016 \u00a0Netzwerktreffen und Fortbildung ; Tragenetzwerk<\/p>\n<ul>\n<li>Vortrag &#8222;Die tragende Rolle des Vaters&#8220;<\/li>\n<li>Praxisworkshop &#8222;Beratungsqualit\u00e4t, -haltung und \u00a0 \u00a0 \u00a0-sprache&#8220;<\/li>\n<li>Praxisworkshop &#8222;Fachwissen Tragehilfen&#8220;<\/li>\n<li>Praxisworkshop &#8222;Grenzen der Beratung&#8220;<\/li>\n<li>Vortrag Didymos \u00fcber Webkunst &#8222;Tragetuch, Techniken und Materialien&#8220;<\/li>\n<\/ul>\n<p>09\/2016 Fortbildung &#8222;Bindeweisen&#8220;; ClauWi<sup>\u00ae<\/sup><\/p>\n<p>09\/2016 Pr\u00fcfung und <strong>Zertifizierung<\/strong>; ClauWi<sup>\u00ae<\/sup><\/p>\n<p>07\/2017 Aufbaukurs Modul 3 &#8222;Fr\u00fchgeborene\/Zwillinge&#8220;; ClauWi<sup>\u00ae<\/sup><\/p>\n<p>07\/2018 Kleines Tragesymposium &#8222;Vielfalt erleben&#8220;; Tragenetzwerk<\/p>\n<ul>\n<li>Vortrag und Workshop &#8222;Mechanik von Tragehilfen&#8220;<\/li>\n<li>Workshop &#8222;Von der Rolle &#8211; interaktiver Workshop zu Rollen \u00dcberzeugungen und unbewussten Handlungen in der Trageberatung&#8220;<\/li>\n<\/ul>\n<p>07\/2019 Tragesymposium &#8222;Wiedersehen macht Freu(n)de!; Tragenetzwerk\u00a0<\/p>\n<ul>\n<li>Vortrag &#8222;Tragen von Kindern in Betreuungseinrichtungen &#8211; Tragen ist mehr als Transport, Tragen ist K\u00f6rperkontakt&#8220;<\/li>\n<li>Vortrag &#8222;Tragen, eine M\u00f6glichkeit der Theraphieunterst\u00fctzung&#8220;<\/li>\n<li>Workshop &#8222;Doppelkreuztrage &#8211; schnell verpackt&#8220;<\/li>\n<li>Workshop &#8222;Wickelkreuzrucksack &#8211; die vergessene Trageweise&#8220;<\/li>\n<li>Workshop &#8222;Meh Dai &#8211; altbekanntes neu betrachtet&#8220;<\/li>\n<li>Workshop &#8222;Bequemer Ausblick &#8211; ein Wiedersehen mit der H\u00fcftschlinge&#8220;<\/li>\n<\/ul>\n<p>11\/2020 Tragesymposium &#8222;Netzwerk Tragen!&#8220;; Tragenetzwerk<\/p>\n<ul>\n<li>&#8222;Frauen im Business &#8211; Gr\u00fcnden mit weiblicher Intuition&#8220; \u00a0mit C. Jordan und Antje Rudolp<\/li>\n<li>&#8222;Postpartale Depressionen &#8211; Was ist das und wie kann ich als Trageberaterin helfen?&#8220; mit Sylvia Nogens (Schatten &amp; Licht e.V.)<\/li>\n<li>&#8222;Kin\u00e4sthetik Infant Handling in der Trageberatung&#8220; mit Sabina Zahn<\/li>\n<\/ul>\n<p>07\/2021 Tragesymposium; Tragenetzwerk<\/p>\n<ul>\n<li>Vortrag &#8222;Regulationsst\u00f6rungen beim S\u00e4ugling&#8220; mit Lucia Cremer<\/li>\n<li>&#8222;Viele Wege f\u00fchren auf den R\u00fccken&#8220; Praxisworkshop mit Lena Abdi, Anna Hoffmann und Isabelle Philippe-Equey<\/li>\n<li>Vortrag &#8222;Tragen &#8211; ein evolution\u00e4res Betreuungsmodell mit sehr aktueller Bedeutung&#8220; mit Dr. Evelin Kirkilionis<\/li>\n<\/ul>\n<p>06\/2022 Tragesymposium 2022; Tragenetzwerk<\/p>\n<ul>\n<li>Vortrag &#8222;Instagram How To und Do&#8217;s and Don&#8217;ts&#8220; mit Anke Benen<\/li>\n<li>Praxisworkshop &#8222;Tragetuch binden&#8220;<\/li>\n<li>Vortrag &#8222;Kommunikation in der Beratung&#8220; Lena Abdi<\/li>\n<\/ul>\n<p>11\/2023 Tragesymposium 2023; Tragenetzwerk<\/p>\n<ul>\n<li>Vortrag &#8220; Vater-Kind-Bindung&#8220; mit Ian B\u00fchler<\/li>\n<li>Workshop &#8222;Mit dem Fr\u00fchchen zuhause &#8211; Tragem\u00f6glichkeiten&#8220; mit Anna Hoffmann<\/li>\n<li>Workshop &#8222;Tandemtragen&#8220; mit Isabelle Philipp-Equey<\/li>\n<li>Vortrag &#8222;Wissen als Ressource&#8220; mit Kathleen Klemm<\/li>\n<li>Vortrag und Workshop &#8222;Kin\u00e4sthetik Infant Handling in der Trageberatung&#8220; mit Sabina Zahn<\/li>\n<li>Standbetreuung f\u00fcr das Tragenetzwerk e. V. Forum Hebammenarbeit Mainz Fachkongress<\/li>\n<\/ul>\n<p>2024<\/p>\n<ul>\n<li>Akompani Trageschule Fortbildungen Webinare: H\u00fcfttrageweisen, Toddler- und Preschooler-Tragen, Schulterfreies Tragen, H\u00fcftentwicklung &amp; Tragen, Tragen bei psychischen Erkrankungen,&#8230;<\/li>\n<li>DIN Normen und Regelwerke zum Babytragen, Tragenetzwerk e. V.<\/li>\n<li>Standbetreuung f\u00fcr das Tragenetzwerk e. V.\u00a0 Geburtshilfe-im-Dialog, Mannheim\u00a0 Fachkongress<\/li>\n<\/ul>\n<p>2025<\/p>\n<ul>\n<li>Akompani Trageschule Fortbildungen Webinare: To-do Liste mit Plan, Klaudi Kamprolfs; K\u00f6rperformen in der Trageberatung; Lerntypgerechtes Beraten, Anna Wolf; \u2026<\/li>\n<li>Onbuhimo Fakts &amp; Hacks, Christiane Jordan<\/li>\n<\/ul>\n<p>Stand 04\/2025<\/p>\n\n\n<p><\/p>\n","protected":false},"excerpt":{"rendered":"<p>Das Thema Tragen von Babys und Kleinkindern begleitet mich als Mehrfach-Mutter (darunter Zwillinge) schon viele Jahre. Damit verbundene Gef\u00fchle wie N\u00e4he, Freude, Sicherheit und Geborgenheit f\u00fcr den Tragling sowie Flexibilit\u00e4t und Freiheit f\u00fcr den Tragenden, m\u00f6chte ich gerne teilen und vermitteln.\u00a0 Ich bin zertifizierte Trageberaterin, ausgebildet durch die\u00a0Trageschule ClauWi\u00ae \u00a0sowie als Regionalleitung Team S\u00fcd aktives\u00a0Mitglied &hellip; <a href=\"https:\/\/trageberatung-starnberg.de\/?page_id=26\" class=\"more-link\"><span class=\"screen-reader-text\">\u00dcber mich<\/span> weiterlesen<\/a><\/p>\n","protected":false},"author":1,"featured_media":0,"parent":0,"menu_order":0,"comment_status":"closed","ping_status":"closed","template":"","meta":{"footnotes":""},"class_list":["post-26","page","type-page","status-publish","hentry"],"_links":{"self":[{"href":"https:\/\/trageberatung-starnberg.de\/index.php?rest_route=\/wp\/v2\/pages\/26","targetHints":{"allow":["GET"]}}],"collection":[{"href":"https:\/\/trageberatung-starnberg.de\/index.php?rest_route=\/wp\/v2\/pages"}],"about":[{"href":"https:\/\/trageberatung-starnberg.de\/index.php?rest_route=\/wp\/v2\/types\/page"}],"author":[{"embeddable":true,"href":"https:\/\/trageberatung-starnberg.de\/index.php?rest_route=\/wp\/v2\/users\/1"}],"replies":[{"embeddable":true,"href":"https:\/\/trageberatung-starnberg.de\/index.php?rest_route=%2Fwp%2Fv2%2Fcomments&post=26"}],"version-history":[{"count":27,"href":"https:\/\/trageberatung-starnberg.de\/index.php?rest_route=\/wp\/v2\/pages\/26\/revisions"}],"predecessor-version":[{"id":403,"href":"https:\/\/trageberatung-starnberg.de\/index.php?rest_route=\/wp\/v2\/pages\/26\/revisions\/403"}],"wp:attachment":[{"href":"https:\/\/trageberatung-starnberg.de\/index.php?rest_route=%2Fwp%2Fv2%2Fmedia&parent=26"}],"curies":[{"name":"wp","href":"https:\/\/api.w.org\/{rel}","templated":true}]}}