{"id":98,"date":"2017-03-02T10:07:32","date_gmt":"2017-03-02T10:07:32","guid":{"rendered":"http:\/\/trageberatung-starnberg.de\/?page_id=98"},"modified":"2024-05-22T15:21:17","modified_gmt":"2024-05-22T15:21:17","slug":"liebe-trage-interessierte","status":"publish","type":"page","link":"https:\/\/trageberatung-starnberg.de\/","title":{"rendered":"Herzlich Willkommen!"},"content":{"rendered":"<div class=\"wp-block-image\">\n<figure class=\"aligncenter\"><a href=\"http:\/\/trageberatung-starnberg.de\/wp-content\/uploads\/2017\/03\/IMG_0441-e1488448838116.jpg\" rel=\"attachment wp-att-101\"><img loading=\"lazy\" decoding=\"async\" width=\"225\" height=\"300\" src=\"http:\/\/trageberatung-starnberg.de\/wp-content\/uploads\/2017\/03\/IMG_0441-e1488448838116-225x300.jpg\" alt=\"IMG_0441\" class=\"wp-image-101\" srcset=\"https:\/\/trageberatung-starnberg.de\/wp-content\/uploads\/2017\/03\/IMG_0441-e1488448838116-225x300.jpg 225w, https:\/\/trageberatung-starnberg.de\/wp-content\/uploads\/2017\/03\/IMG_0441-e1488448838116-768x1024.jpg 768w, https:\/\/trageberatung-starnberg.de\/wp-content\/uploads\/2017\/03\/IMG_0441-e1488448838116.jpg 960w\" sizes=\"auto, (max-width: 225px) 100vw, 225px\" \/><\/a><\/figure><\/div>\n\n\n<p class=\"has-text-align-center\"><\/p>\n\n\n\n<p class=\"has-text-align-left\">Liebe Trage-Interessierte!<\/p>\n\n\n\n<p class=\"has-text-align-left\">Hier finden Sie alle wichtigen&nbsp;Informationen zu meinem Angebot rund um das Thema &#8222;TRAGEN&#8220; von Babys und Kleinkindern.&nbsp;Gerne unterst\u00fctze ich Sie&nbsp;dabei, herstellerunabh\u00e4ngig die f\u00fcr Sie passende Trageweise und das passende Tragematerial zu finden.&nbsp;<\/p>\n\n\n\n<p class=\"has-text-align-left\">Anfragen zur Trageberatung richten Sie bitte an&nbsp;<br><a href=\"mailto:info@trageberatung-starnberg.de\">info@trageberatung-starnberg.de <\/a><\/p>\n\n\n\n<p class=\"has-text-align-left\">Gerne auch unter: mobil 0172-4060984 bzw. 08151-9503691<\/p>\n\n\n\n<p class=\"has-text-align-left\">Vielen Dank! Ich freue mich, Sie kennenzulernen!<\/p>\n\n\n\n<p class=\"has-text-align-left\">Angela Schnierle<\/p>\n\n\n\n<p class=\"has-text-align-left\">zertifizierte Trageberaterin durch ClauWi<sup>\u00ae<\/sup> und aktives Mitglied in der Regionalleitung Team S\u00fcd des Tragenetzwerk e. V.<\/p>\n\n\n\n<p class=\"has-text-align-left\">&nbsp;<\/p>\n\n\n\n<p class=\"has-text-align-left\"><a href=\"http:\/\/clauwi.de\">ClauWi<sup>\u00ae&nbsp;<\/sup>Trageschule und Geschwisterschule<\/a><\/p>\n\n\n<div class=\"wp-block-image\">\n<figure class=\"alignleft\"><a href=\"http:\/\/trageberatung-starnberg.de\/wp-content\/uploads\/2017\/03\/Logo.png\" rel=\"attachment wp-att-107\"><img loading=\"lazy\" decoding=\"async\" width=\"187\" height=\"195\" src=\"http:\/\/trageberatung-starnberg.de\/wp-content\/uploads\/2017\/03\/Logo.png\" alt=\"Logo\" class=\"wp-image-107\"\/><\/a><\/figure><\/div>\n\n<div class=\"wp-block-image\">\n<figure class=\"alignright\"><a href=\"http:\/\/www.tragenetzwerk.de\"><img loading=\"lazy\" decoding=\"async\" width=\"250\" height=\"194\" src=\"http:\/\/trageberatung-starnberg.de\/wp-content\/uploads\/2017\/03\/g3031_klein.png\" alt=\"g3031_klein\" class=\"wp-image-108\"\/><\/a><\/figure><\/div>\n\n\n<p class=\"has-text-align-left\">&nbsp; &nbsp; &nbsp; &nbsp; &nbsp; &nbsp; &nbsp; &nbsp; &nbsp; &nbsp; &nbsp; &nbsp; &nbsp; &nbsp; &nbsp; &nbsp; &nbsp; &nbsp; <a href=\"http:\/\/www.tragenetzwerk.de\">Tragenetzwerk e.V.<\/a><a href=\"http:\/\/trageberatung-starnberg.de\/wp-content\/uploads\/2017\/03\/g3031_klein.png\" rel=\"attachment wp-att-108\"><br><\/a><\/p>\n\n\n\n<p><\/p>\n","protected":false},"excerpt":{"rendered":"<p>Liebe Trage-Interessierte! Hier finden Sie alle wichtigen&nbsp;Informationen zu meinem Angebot rund um das Thema &#8222;TRAGEN&#8220; von Babys und Kleinkindern.&nbsp;Gerne unterst\u00fctze ich Sie&nbsp;dabei, herstellerunabh\u00e4ngig die f\u00fcr Sie passende Trageweise und das passende Tragematerial zu finden.&nbsp; Anfragen zur Trageberatung richten Sie bitte an&nbsp;info@trageberatung-starnberg.de Gerne auch unter: mobil 0172-4060984 bzw. 08151-9503691 Vielen Dank! Ich freue mich, Sie kennenzulernen! &hellip; <a href=\"https:\/\/trageberatung-starnberg.de\/\" class=\"more-link\"><span class=\"screen-reader-text\">Herzlich Willkommen!<\/span> weiterlesen<\/a><\/p>\n","protected":false},"author":1,"featured_media":0,"parent":0,"menu_order":0,"comment_status":"closed","ping_status":"closed","template":"","meta":{"footnotes":""},"class_list":["post-98","page","type-page","status-publish","hentry"],"_links":{"self":[{"href":"https:\/\/trageberatung-starnberg.de\/index.php?rest_route=\/wp\/v2\/pages\/98","targetHints":{"allow":["GET"]}}],"collection":[{"href":"https:\/\/trageberatung-starnberg.de\/index.php?rest_route=\/wp\/v2\/pages"}],"about":[{"href":"https:\/\/trageberatung-starnberg.de\/index.php?rest_route=\/wp\/v2\/types\/page"}],"author":[{"embeddable":true,"href":"https:\/\/trageberatung-starnberg.de\/index.php?rest_route=\/wp\/v2\/users\/1"}],"replies":[{"embeddable":true,"href":"https:\/\/trageberatung-starnberg.de\/index.php?rest_route=%2Fwp%2Fv2%2Fcomments&post=98"}],"version-history":[{"count":19,"href":"https:\/\/trageberatung-starnberg.de\/index.php?rest_route=\/wp\/v2\/pages\/98\/revisions"}],"predecessor-version":[{"id":375,"href":"https:\/\/trageberatung-starnberg.de\/index.php?rest_route=\/wp\/v2\/pages\/98\/revisions\/375"}],"wp:attachment":[{"href":"https:\/\/trageberatung-starnberg.de\/index.php?rest_route=%2Fwp%2Fv2%2Fmedia&parent=98"}],"curies":[{"name":"wp","href":"https:\/\/api.w.org\/{rel}","templated":true}]}}